 remainder when s is divided by b?
29
Let i(o) = -o**2 + 208*o + 1733. Calculate the remainder when 4109 is divided by i(-8).
4
Suppose -58*z = -57*z - 713. What is the remainder when z is divided by 49?
27
What is the remainder when 677 is divided by 3164/18 - (-30 + 20 + (-264)/(-27))?
149
Let q be ((-1)/1)/(2/(-14)). Let t(r) = r**3 + 14*r**2 + 29*r + 237. Let a be t(-13). Suppose a - 1 = q*m. Calculate the remainder when 14 is divided by m.
2
Let u(x) = 3*x**2 + 32*x - 2. What is the remainder when 932 is divided by u(-16)?
170
Let o = 3078 + -3049. Suppose 468 - 123 = 5*v. Calculate the remainder when v is divided by o.
11
Let b(t) = -50*t**3 - 117*t**2 - 4. What is the remainder when 301 is divided by b(-3)?
8
Let n = 10 + 14. Let b = 42 - n. Suppose 19*u - b = 18*u. What is the remainder when 70 is divided by u?
16
Let r = 68 + 13. Let c = r + 188. Calculate the remainder when c is divided by 9.
8
Let d(q) = -q**3 - 27*q**2 - 52*q + 72. Calculate the remainder when 259 is divided by d(-25).
15
Let n(y) = -20*y - 26*y - 81 + 60*y - 21*y. Calculate the remainder when n(-38) is divided by 11.
9
Suppose 0 = -c + 62 + 5. Let z = c - 62. Suppose 4*k = z*k - 34. What is the remainder when k is divided by 9?
7
Let y(q) = 20*q**3 - 25 + 19*q**2 - q + 13*q - 8*q**3 - 11*q**3. What is the remainder when y(-18) is divided by (-1 - 146/(-6))*(-12)/(-10)?
27
Let u = 451 - 405. Calculate the remainder when 287 is divided by u.
11
Suppose 3*z + 1659 = 21*z + 61*z. Let o be 226/8 - (-1)/(-4). Suppose 0 = 4*s - 3*g - o, -3*s + g + z = -2*g. What is the remainder when s is divided by 4?
3
Suppose 26*j = -100*j - 2394. Suppose y + 25 - 78 = 0. Let f = j + y. What is the remainder when 65 is divided by f?
31
Suppose 0 = 5*n + 3*i + 2*i + 830, -498 = 3*n - i. Let l = n + 333. Let z(a) = -a**3 - 4*a**2 + 19. What is the remainder when l is divided by z(-4)?
15
Let q = 3095 - 3056. Calculate the remainder when 337 is divided by q.
25
Let q(i) = -102*i**3 + 8*i**2 - 3*i + 12. Let k(z) = -51*z**3 + 4*z**2 - 2*z + 5. Let w(o) = -5*k(o) + 2*q(o). What is the remainder when w(1) is divided by 12?
2
Let f be -74*(3 + 2 + -3 - 1). Let v = -68 - f. What is the remainder when (52/v)/(11/66) is divided by 14?
10
Let y(o) = 4*o**3 + 26*o**2 + 9*o + 5. Let m = 56 - 22. What is the remainder when m is divided by y(-6)?
11
Let k(r) = 40*r**2 - 821*r - 27. Calculate the remainder when k(22) is divided by 213.
206
Suppose 0 = 6*w - 4*r - 352, -7*w + 3*w = -2*r - 238. Suppose -3*o + 28 = -2*n, -o + 40 = 2*o + n. Calculate the remainder when w is divided by o.
2
Suppose 0 = 246*p - 159*p - 11658. What is the remainder when p is divided by 20?
14
Suppose 6712 + 7400 = 7*x. Calculate the remainder when x/33 - (-3)/(-33) is divided by 17.
10
Let d(a) = -27*a + 868. What is the remainder when 933 is divided by d(32)?
1
Let j(g) = g**2 - 6*g - 6 - 7 - 11. Let a(m) = 2*m**2 + 11*m + 4. Calculate the remainder when a(-11) is divided by j(10).
13
Let n(f) = 33*f - 289. What is the remainder when 1564 is divided by n(10)?
6
Let f = 65 + -44. Let n = 63 - f. Let o = -33 + 240. Calculate the remainder when o is divided by n.
39
Let r = -6 + 2. Let u(v) = v**2 + 4*v + 3. Let h(l) = -31*l - 273. Calculate the remainder when h(-9) is divided by u(r).
0
Suppose -187 = -14*w - 117. Let h(d) be the first derivative of d**4/4 + 5*d**3/3 + 5*d**2/2 + 4*d - 5. What is the remainder when h(-3) is divided by w?
2
What is the remainder when (-14*7 + 4 + -2)/((-76)/380) is divided by 171?
138
Let g(f) = -f**3 - 66*f**2 + 430*f + 150. What is the remainder when 1375 is divided by g(-72)?
199
Let h(s) = 840*s - 8133. Calculate the remainder when h(10) is divided by 51.
12
Let p = 6 - 3. Calculate the remainder when 4*(-6 - (10 + (1 + -96)/5)) is divided by p.
0
Let a = 2170 + 713. Calculate the remainder when a is divided by 37.
34
Suppose 0 = 251*y - 253*y + 514. What is the remainder when y is divided by 9?
5
Calculate the remainder when 32/(640/60)*(-2762)/(-6) is divided by 22.
17
Let p = -19 + 26. Let l be (0 + 1)/(15/(-75)). Let j(k) = k**2 - 5. What is the remainder when j(l) is divided by p?
6
What is the remainder when 1692 is divided by ((-1)/2)/(6/14 + (-39354)/91140)?
142
Let y = 21875 - 14393. Calculate the remainder when y is divided by 7.
6
Suppose 391*u + 63 = 400*u. Let n = 294 - 135. Calculate the remainder when n is divided by u.
5
Let g(a) = 24 + 5*a**3 - 2*a + 4*a**2 - 4*a**3 + 10*a**2. Let u be g(-13). Let k = -83 + u. What is the remainder when k is divided by 23?
21
Let h(u) = -u**2 - 32*u + 48. Let a(d) = 32*d**3 - d**2 - 2*d - 2. Let m be a(-1). Let o = -27 - m. Calculate the remainder when h(-33) is divided by o.
3
Let o = -259 - -247. What is the remainder when 35 is divided by 36*3/((-54)/o)?
11
Let l be (-9 - -8) + (3 - -1). Suppose -11*v + l*v = -608. Let r = v - 43. What is the remainder when 97 is divided by r?
31
Let i(l) = 2*l**2 + 14*l + 26. Let n be i(-5). Calculate the remainder when n*(-70)/(-6) - 1/1 is divided by 31.
7
Suppose 18*x = 2*x + 1184. Calculate the remainder when ((-2)/(-3))/(34/45135) is divided by x.
71
Suppose -95*j - 5 = -96*j. Let x(n) = 4*n + 8. What is the remainder when 54 is divided by x(j)?
26
Calculate the remainder when (2551/(-6))/((-12 + -4)/96) is divided by 69.
67
Let z = 12910 - 12850. Suppose 0 = 5*f - f. Suppose 33 = o - f*o. Calculate the remainder when z is divided by o.
27
Suppose -11*f + 108 = -14*f. Let o = f - -145. Suppose 3*z - 53 = 31. What is the remainder when o is divided by z?
25
Suppose 0 = 5*s, -2 = -2*a - 2*s + 10. Suppose -30 = i - a*i. Let o(p) = -p**3 + 9*p**2 - 10*p + 13. Calculate the remainder when o(i) is divided by 21.
19
Let n = 48 + 126. Let p = n - 251. Let z = -38 - p. Calculate the remainder when z is divided by 22.
17
Let g be (-1)/2 - (-2 - 314/4). Calculate the remainder when 77 is divided by 274/8 + (-20)/g.
9
Let w = -378 - -123. What is the remainder when 203/5 + (-102)/w is divided by 12?
5
Suppose 4*b - 42792 = -4*c - 14884, -2*c + 13944 = 4*b. Calculate the remainder when c is divided by 127.
124
Suppose 3*n + 9 = 0, 4*p + 1287 = n + 2*n. Let u = 339 + p. What is the remainder when 24 is divided by u?
9
Let r(s) = -6*s - 19. Let k = 209 - 236. Calculate the remainder when r(k) is divided by 12.
11
Suppose 0 = -4*q - 16*q + 7380. What is the remainder when q is divided by 77?
61
Suppose 0 = 5*q + 2*q + 4*k - 1277, q - 5*k - 227 = 0. What is the remainder when q is divided by 47?
46
Suppose s + 325*g - 464 = 324*g, 4*s = -5*g + 1858. What is the remainder when s is divided by 26?
20
What is the remainder when 316 is divided by 1*34 + (76 - 72)?
12
Let d(c) = c**2 + 4*c + 2. Let b(s) = -s**2 - 3*s - 1. Let v(f) = -5*b(f) - 4*d(f). Let j = -57 + 61. Calculate the remainder when v(j) is divided by 6.
3
Suppose -y = -5*o + y + 150, 5*o - 5*y = 165. Suppose 3*l - o = l. Suppose -75*h + 884 + 593 + 473 = 0. What is the remainder when h is divided by l?
12
Let c(f) = f**2 - 5*f + 6. Let t be c(6). Suppose 0 = -19*m + t*m + 616. Suppose w = 93 - m. Calculate the remainder when 47 is divided by w.
2
Let g be 795/2*(-4)/(-30)*5. Let x = g - 193. What is the remainder when x is divided by 7?
2
Suppose -2*z - 5*a = -381, 4*z + 5060 = -5*a + 5827. What is the remainder when z is divided by 920/14 + (-6)/(-21)?
61
Suppose 30*i + 20*i = 6*i + 1980. Calculate the remainder when 989 is divided by i.
44
Let o be (1 - 925/15)/(4/(-6)). Let s = 119 - o. What is the remainder when s is divided by 16?
12
Let y = 464 + -454. What is the remainder when 467 is divided by y?
7
Suppose 4*b - 56 = 3*i, -10*b + 14*b + 3*i = 32. Calculate the remainder when 1020 is divided by b.
8
What is the remainder when ((-4)/(-3))/((-952)/(-330582)) is divided by 98?
71
Let q be (-72)/(-32)*(-12)/(-9). What is the remainder when (2 + 56)/(q/(15/10)) is divided by -1*(4 - 2)*-4?
5
Let i(f) = -4*f**2 + 13*f - 9 + f**2 - f**3 + 10*f**2. Suppose -9*k + 6*k + 6 = 3*w, 0 = 3*w + k - 18. Calculate the remainder when i(w) is divided by 16.
15
Let w(s) = -7*s**2 - 65*s + 22. What is the remainder when 366 is divided by w(-9)?
6
What is the remainder when ((-3)/(-6))/(2/248) is divided by 175/25*10/(-105) - (-29)/3?
8
Let i(n) = 13*n + 17*n + 1